 j*z(w) - 3*t(w). Determine l(4).
5
Let m(r) be the first derivative of r**4/4 - 13*r**3/3 - 13*r**2/2 - 15*r + 6. Give m(14).
-1
Let c(i) = i**2 - 26*i + 28. Let g be c(25). Let z(j) = j**3 - 4*j**2 + 2*j + 3. Determine z(g).
0
Let h(q) = q**2 - 7*q + 6. Let z = 43 + -81. Let n = z - -42. What is h(n)?
-6
Let c(b) = 4*b**2 + b - 10. Let i(j) = 11*j**2 + 4*j - 28. Let g(z) = -8*c(z) + 3*i(z). Calculate g(-5).
1
Let d(b) = b**3 + 6*b**2 + 3*b + 3. Let z = 60 + -203. Let v be 693/z - 4/26. Give d(v).
13
Let w(g) be the third derivative of g**5/60 - g**4/4 - 8*g**3/3 + 17*g**2. Let v(z) be the first derivative of w(z). What is v(-6)?
-18
Let s(f) = f**3 - f. Suppose 3*h = -4*g - 9 + 4, 5*h - 9 = 2*g. Let d be s(h). Let r(y) = y**3 + y**2 + y + 6. Give r(d).
6
Suppose 16 = 4*c - 0*c. Suppose 3*i - c*i = 1. Let b be 8/((-6)/3) - i. Let k(p) = -3*p. Give k(b).
9
Let m(i) = 7*i**2 - 8*i - 9. Let v(n) = -6*n**2 + 7*n + 8. Let c(b) = 5*m(b) + 6*v(b). Let q = 27 - 19. Let y be 8/10*40/q. Determine c(y).
-5
Let u = -26 + 26. Let a(q) be the second derivative of 1/2*q**2 + 1/3*q**3 + u - 2*q. Determine a(-1).
-1
Suppose 0 = 3*p + 15, 2*m + 2*p = -3*m + 30. Let t(s) = -9 - s + 12 - m. Determine t(-6).
1
Let x(c) be the third derivative of -c**5/60 + c**4/24 - c**3/6 + 7*c**2 + 4. Give x(1).
-1
Suppose -2*c = -10, -3*x + 2*c + 24 + 20 = 0. Let j(l) = 0*l + 6*l**2 - x - l**3 + 3*l**2 + 12 - l. Give j(9).
-15
Suppose -30*r = -26*r - 12. Let p be (4 - r)*-5 + 4. Let k(h) = -4*h + 59 - 59. Give k(p).
4
Let t(j) = 6*j**3 - j**2 - j. Let p(r) = -r**2 + 7*r - 1. Let m be p(0). Determine t(m).
-6
Let v(c) = c - 1. Let o = 1 - -3. Let a(p) = -p**2 + 8*p - 5. Let g(j) = o*v(j) - a(j). Let y = 8 + -3. Give g(y).
6
Let f(y) = y**2 - 6*y - 3. Suppose d = -2*d - 4*g + 4, -30 = -5*d - 2*g. Determine f(d).
13
Let l(z) = 4*z - 14. Suppose 0 = 5*h + 129 - 149. Give l(h).
2
Suppose 0 = -156*t + 153*t - 12. Let c(n) = -7*n - 32. Determine c(t).
-4
Suppose -5*k - 3 = 3*p + 4, -4*p - 17 = -k. Let r(a) be the second derivative of -7*a**4/6 - a**3/6 - a - 34. Calculate r(k).
-15
Let z(l) = l**3 - 15*l**2 - 16*l - 3. Suppose 776 = -5*y + 856. Calculate z(y).
-3
Let s(u) = -8*u**2 - 2*u - 8*u**3 + 3*u**2 + 7*u**3 - 6. Let t = -51 + 85. Suppose -5*a - 2*c - 3*c - 40 = 0, 0 = 5*a + 3*c + t. Give s(a).
4
Let y = 15 + -35. Let v be y + 16 + 13 + 0. Let l(b) = b**2 - 12*b + 8. Determine l(v).
-19
Let t(m) = -m**3 - 5*m**2 + 5. Let w(g) = 2*g - 35. Let i be w(15). Let d be t(i). Let y(h) = 4*h - 6. Calculate y(d).
14
Let z(r) = r + 6. Let h be z(-5). Suppose h - 17 = 4*g. Let p(q) = q**2 - q - 1. Let m(i) = -3*i**2 + 6*i - 1. Let f(d) = m(d) + 4*p(d). Determine f(g).
3
Let o(g) = -7*g**3 - 11*g**2 - 5*g + 7. Let y(u) = -8*u**3 - 12*u**2 - 5*u + 8. Let x(m) = 7*o(m) - 6*y(m). Determine x(-3).
-2
Let z = -215 + 215. Let c(x) = -x**2 - 2*x + 2. What is c(z)?
2
Let m(n) = 3*n**2 - n. Let f be m(1). Let r be 1*-1*(5 - f). Let v(p) be the second derivative of -p**4/12 - p**3/6 - 2*p**2 + 44*p. Calculate v(r).
-10
Suppose 43*l + 24*l - 603 = 0. Let j(o) = -o**3 + 8*o**2 + 9*o + 11. Give j(l).
11
Let u(t) = -t**3 - 6*t**2 + t + 6. Let h = 18 - 15. Let z be (-82)/(-6) - h/(-9). Let p = z + -20. What is u(p)?
0
Let k(q) = q - 15. Let x = -17 + 32. Let h be k(x). Let v(c) = -c - 3. Determine v(h).
-3
Suppose -4*i + 6*i = -14. Let h(f) = -2*f - 2. Give h(i).
12
Let v(r) = -r**3 + 8*r**2 - 5*r - 7. Let b(z) = -z**3 + 9*z**2 - 5*z - 7. Let h(f) = 2*b(f) - 3*v(f). What is h(6)?
37
Suppose 4*i = 7*k - 2*k - 17, 3*k + i = 0. Suppose -4*l = k + 19. Let d(v) = -v**2 - 4*v - 2. Calculate d(l).
-7
Let a(l) be the third derivative of -l**4/24 + l**3/6 - l**2. Suppose -f = 2*t + 16, 4*t - 14*f + 12*f = -32. Determine a(t).
9
Let r = -622 - -625. Let a(z) = -2*z + 7. Calculate a(r).
1
Let x(d) = d**3 - 6*d**2 - 7*d - 4. Let p(n) = 4*n**3 - 24*n**2 - 28*n - 17. Let k(q) = -2*p(q) + 9*x(q). Let o = -55 + 119. Let b = -57 + o. Determine k(b).
-2
Let w = -213 - -207. Let d(j) = -2*j - 8. Give d(w).
4
Let w(u) = u**3 + 5*u**2 - 6*u - 5. Let j be w(-6). Let q(m) = -8*m - 95*m**2 - 4 + 3 + 94*m**2 - 1. Determine q(j).
13
Let k(j) be the first derivative of -j**3/3 + j**2/2 - 599. Let i = 0 - -3. Give k(i).
-6
Let x(a) be the first derivative of -2*a**2 - 9 + 3*a + 1/3*a**3. Give x(2).
-1
Let g(p) = -p**3 + p**2 - 5*p + 3. Let d be g(3). Let u be 4/(-30) + 116/d. Let s(h) = -h**3 - 4*h**2 - 2*h - 1. What is s(u)?
7
Let o(v) = 2*v - 1. Let c(l) = -2*l - 4. Let b(z) = -4*c(z) - 5*o(z). Give b(14).
-7
Let z(g) = 2*g**2 + g - 2. Let c be z(-2). Let q(o) = -o - 3. Let i be q(-6). Let s(m) = -3 - m - 11*m**i + 10*m**3 + 5*m + 4*m**2. Determine s(c).
13
Let l(q) = 0*q**2 - 33*q - 3*q**2 - 2 + 4*q**2 + 11*q + 20*q. What is l(-3)?
13
Suppose -3*b + 10 = -2. Suppose 2 + b = -d. Let l(t) = 981 - t + 1253 - 2235. Calculate l(d).
5
Suppose -32*j + 35*j = 9. Suppose j*z = 6 + 3. Let l(d) = -d**3 + 5*d**2 - 3*d - 3. Calculate l(z).
6
Suppose -f + 5 + 4 = 0. Let q(x) = -8*x - 4 + 20*x - f*x - x**2. Calculate q(4).
-8
Let y(k) be the third derivative of -k**6/120 - 4*k**5/15 + k**4/24 + 10*k**3/3 - 342*k**2. Calculate y(-16).
4
Let q(l) = 6*l - 33. Let d be q(6). Let f(u) = u**d - 34 - 28 + 64 + 2*u - 6*u. Calculate f(3).
17
Let i = 6 - 3. Let u(v) = i - 4 + 6 - 2*v + 0 - v**2. Determine u(-4).
-3
Let i(s) = -6*s + 10. Let u(o) = -o + 1. Let g(a) = i(a) - 5*u(a). Calculate g(8).
-3
Let b(g) = g**2 - 10*g - 15. Suppose 0 = 2*c - 0*h + h + 20, 2*c - h = -12. Let y be -282*c/208 + 4/26. Determine b(y).
-4
Let m be (-2 - 18)*3/(-6). Suppose -m = -2*n + 2. Let f(a) = 6605 - 6609 - a**3 + 2*a**2 + 4*a**2 + 2*a. What is f(n)?
8
Let l(s) = -2*s - 8. Let n be l(-6). Let f(d) = 1863*d**2 + 3*d - 3727*d**2 + 1863*d**2. What is f(n)?
-4
Let m(c) be the second derivative of -c**4/12 - c**3/6 - 7*c**2/2 + 15*c. Let u(b) = b**2 + 8*b + 7. Let x be u(-7). Calculate m(x).
-7
Let w(j) be the second derivative of j**3/3 - j**2/2 + j. Suppose 0 = -4*a - 5*g + 5, 16*a + 5*g = 11*a. Give w(a).
-11
Let y be -5*((-1 + 0)*4 - -3). Let x(v) = -3 + y*v**2 - 7*v - v - 6*v**2. Give x(-8).
-3
Let u(j) = -j - 6. Suppose -4 = -4*z - 5*g, z - g - 16 = 6*z. Calculate u(z).
-2
Let w(q) = 2*q. Let u(r) be the first derivative of -9*r**2/2 + 11*r - 49. Let z(s) = u(s) + 5*w(s). Determine z(-9).
2
Suppose -63 = 5*h + 4*c, 33 + 9 = -2*h + 4*c. Let y = 1 + 14. Let d = h + y. Let j(f) = -f**3 + f**2 - f - 19. What is j(d)?
-19
Let c be -1 - 5/((-10)/26). Let m be ((-5)/4)/((-3)/c). Suppose -r - 3 = 0, -2 - m = -2*a + r. Let u(o) = o**3 - 2*o**2 - o. What is u(a)?
-2
Let k(r) be the second derivative of -2*r**3/3 + r**2 + 8*r. Let x(f) = f**2 - f + 1. Let c(s) = -k(s) + 3*x(s). Determine c(-1).
3
Suppose 5*m + 34 = 3*l - 57, -59 = -2*l + 5*m. Suppose 12 = 3*d - 0, -l = -4*q - 3*d. Let k(o) = -o**2 + 6*o + 6. What is k(q)?
11
Suppose -4*v - 2*x = -38, x + 0*x = -1. Let k(j) = -j**2 + 12*j - 7. What is k(v)?
13
Suppose -3*m = -4*d + 23, -2*d + 23 - 12 = -m. Let x(h) = -7*h + 16. Determine x(d).
-19
Suppose -3*u = -3*t - 15, -2*u + 33 + 1 = 4*t. Let x(q) = 2*q**2 - 19*q + 7. Give x(u).
-2
Let r(d) = 3*d**3 + d - 1. Let q be r(1). Let v(j) = -5 + 6 - 6*j + 3. Give v(q).
-14
Let i(f) = -f + 11. Let t be i(11). Let n(p) be the first derivative of p**4/4 - 5*p - 100. Determine n(t).
-5
Suppose -3*n - 4*p = -n - 20, 4*n - 3*p = 29. Let g(c) = -32*c + 2. Let i(u) = 26*u - 3. Let t(w) = -4*g(w) - 5*i(w). Determine t(n).
-9
Let q(s) = -3 - 10*s + 5*s - 6*s - 2*s. Let f = 2 - 4. What is q(f)?
23
Let j = -7 - -12. Suppose j*m = m, 0 = -2*u + 2*m - 4. Let b(g) = -5*g**2 + 2. Calculate b(u).
-18
Let p(x) = -x**3 + 7*x**2 - 9*x + 13. Let u be p(6). Let w = -7 - u. Let y(a) = 3*a + 3. Determine y(w).
-3
Suppose 20*b = 23*b + 5*g - 36, -5*b = -5*g - 100. Let r(o) = -o + 20. Give r(b).
3
Let f(y) = 4*y + 22. Let s be f(-5). Let l(k) = 48*k**2 + k - 47*k**s + 4 + 2. What is l(0)?
6
Suppose 4*u + 13 = 3*s, -u - 4*u - 5*s - 25 = 0. Let b = -1 - u. Let v(w) = 3*w**2 - 5*w**2 + 4*w + 5 + w**b + 7*w**2. Give v(-4).
5
Let q(b) = 49 + 62 + 49 + 5*b + 57 - 182. What is q(-7)?
0
Let y(s) be the third derivative of 1/120*s**6 + 0 + 0*s + 2*s**2 + 1/3*s**3 + 1/15*s**5 + 1/12*s**4. Suppose 4*j = 9*j + 20